Let h(x) = -10*x + w + 51*x - 19*x - 14*x. Determine h(-2).
-15
Let o(b) = -3*b**2 - 3*b - 14. Let h(z) = -z**2 - z - 3. Let x(p) = -4*h(p) + o(p). Calculate x(1).
0
Let c(n) = -2*n**3 + 2*n + 3. Let v be -7 + -1*(2 + -1). Let z(t) = 5*t**3 - t**2 - 6*t - 9. Let l(p) = v*c(p) - 3*z(p). Let h = 2 - 4. Calculate l(h).
3
Let l(w) be the second derivative of -w**7/840 - w**6/90 + w**5/40 - 7*w**4/24 + w**3/3 + 10*w. Let i(h) be the second derivative of l(h). Determine i(-5).
3
Let l(b) = b + 3. Let m(h) be the first derivative of h**4/4 - 8*h**3/3 + 19. Let f be m(8). Calculate l(f).
3
Suppose -9*z + 38 + 7 = 0. Let v(o) = 3*o - 7. Determine v(z).
8
Let m(j) be the third derivative of j**4/24 + j**3/3 - 78*j**2. Determine m(3).
5
Let w = -239 - -239. Let o(s) = s - 25. Give o(w).
-25
Let q = -69 + 78. Let x(z) = -6*z + 5*z + q*z. Calculate x(-1).
-8
Let o(a) = -27 - 4 - 83*a + 80*a - 12. Let h(f) = -2*f - 29. Let t(y) = 7*h(y) - 5*o(y). Determine t(0).
12
Let m(b) = 14*b. Let x(w) = -w**3 + 18*w**2 - 35*w + 1. Let v be x(2). What is m(v)?
-70
Let b(y) = 2*y + 1. Let o(u) be the third derivative of 5*u**4/24 + u**3/3 - 4*u**2. Let h(s) = 7*b(s) - 2*o(s). Suppose 32*a - 36*a - 12 = 0. What is h(a)?
-9
Let a(w) = -131*w + 174*w**2 + 135*w + 3 - 175*w**2. Determine a(-2).
-9
Suppose -4*a - 2*v + 41 = -3*v, -4*a + 46 = -2*v. Let s(i) = 16*i - a*i - 8*i - 2. Let z = 2 + -2. Calculate s(z).
-2
Let x(b) = b**2 - 15*b + 44. Let m be x(10). Let f(w) = w**3 + 6*w**2 - w + 3. Give f(m).
9
Let h(q) be the first derivative of -3*q**4/4 - 2*q**3/3 + q + 6. Calculate h(1).
-4
Let f = -17 + 21. Suppose -2*b = -f*b - 2. Let z(v) = 12*v**3 - 2*v**2 + 1. Let y(r) = -35*r**3 + 6*r**2 - 3. Let k(i) = -4*y(i) - 11*z(i). Calculate k(b).
-9
Let y(k) = k**2 - 40*k + 229. Let j be y(33). Let o(p) = 3*p**3 + 2*p**2 + 2*p. Calculate o(j).
-20
Let v be (-1 - -5) + -16 + 17. Let j(t) = -v*t**3 + 5*t**2 - 3 - 64*t + 71*t + 4*t**3 - 2. Suppose -4*m - 5*s = -0*m - 34, m = 5*s - 4. Determine j(m).
1
Let i(y) be the first derivative of -7*y**4/4 + 2*y**3/3 - 2*y + 8. Calculate i(1).
-7
Let u(t) = t**3 - 6*t**2 + 6*t + 3. Let d(r) = r**3 + 14*r**2 - r + 16. Let o be d(-14). Suppose 0 = -o*x + 26*x + 20. Give u(x).
8
Let w(v) = 52*v - 53*v + 0*v**2 - 7*v**2 - v**3 - 10. Let f be 7*(0 + -1)*1. Let r be w(f). Let s(u) = -u - 6. Determine s(r).
-3
Let l(m) be the second derivative of m**4/12 - m**3/2 + 2*m**2 - m. Suppose 20*t = 24*t. Suppose t = -2*i + 10, c - i + 16 = 3*i. Give l(c).
8
Let s(l) be the second derivative of -l**5/2 - l**4/4 + l**3/2 - l**2/2 - 32*l - 1. Determine s(1).
-11
Suppose n - 5 + 2 = 0. Let r(o) = -4 + n - 9 - 2*o. Suppose -12*c - 42 = -6*c. Calculate r(c).
4
Let v(g) = -g + 7. Let t be v(5). Let b(d) = -2*d - 6. Let p be b(-7). Let w be ((-7)/7)/(t/p). Let o(s) = -s**2 - 5*s + 2. What is o(w)?
6
Suppose 3*y - 5*y = 5*t - 22, 2*y - 18 = -3*t. Suppose 4*a = y*a + 22. Let g = a - -13. Let j(i) = 6*i. Determine j(g).
12
Let s(m) be the third derivative of -m**6/30 + m**5/60 - m**4/12 + m**3/6 + 20*m**2. Let g = 8 + -12. Let o = -3 - g. Give s(o).
-4
Let n be 23/4 + (-1)/(-4). Let t(r) = 0*r + 5*r**2 + n - 4*r**2 - 7*r. Let s be (3/3)/(250/40 - 6). What is t(s)?
-6
Let h(w) = 34*w**3 + w**2 + 2*w + 1. Let c = 113 + -114. What is h(c)?
-34
Suppose 3*c = 2*y - 16, -5*y - 12 = 160*c - 161*c. Let k(l) = 10*l + 81. What is k(c)?
1
Suppose -3*k = -g + 5 - 0, -2*g - 2*k = -2. Suppose -j = -0*j - g. Let c(p) = 3*p + 5*p**2 - p**2 + j + 0*p**2 - 3*p**2. Give c(-3).
2
Suppose 0 = 4*s + c + 2*c - 27, -2*s + 3*c - 9 = 0. Let u(z) = -s*z + 2*z**3 - 3 + 5*z + 4 - 5*z**2. Determine u(3).
16
Let o(u) be the first derivative of u**3/3 + 5*u**2 + u + 23. Suppose -2*p = 3 + 11. Calculate o(p).
-20
Let z(o) = o**3 + o + o - 13*o**2 + 10*o + 7. Calculate z(12).
7
Let r be 3 - 28/12 - 1/2. Let f(a) be the third derivative of -1/12*a**5 + 0*a + a**2 + 0*a**4 - r*a**3 + 0. Give f(1).
-6
Let z(s) = -s + 3*s - 3*s**2 + 1596 + 4*s**2 - 1594 + 4*s. Give z(-5).
-3
Let u(h) = 4 + 10*h**3 - 11*h + 14*h + 4*h**2 - 9*h**3. Determine u(-3).
4
Let n be ((-5)/2 - -1)*(-2)/1. Let p(b) = -b - 2*b**n + 2 + 5*b**2 + 0*b - 4*b**2 + 0*b. Determine p(2).
-12
Let x(d) = -d + 1. Suppose -3*a + 3*n + 183 = -0*n, 0 = -3*a - n + 199. Let o = -65 + a. Determine x(o).
1
Let b(u) be the first derivative of -18*u - 1/2*u**2 + 13 + 1/3*u**3. Give b(0).
-18
Suppose 3*v - 54 = -4*j, -3*j + 35 = -0*v + 5*v. Suppose 3*i - 5*f = -2*i + j, -3 = f. Let z(a) = a - 6. Give z(i).
-6
Let l(y) be the first derivative of -9*y**4/2 + 2*y**3/3 - y**2 + y + 1. Suppose -2*b = -3*p - 7, 17*b + 20 = 21*b. What is l(p)?
-17
Let p = 274 - 282. Let h(k) = -k. Let x(n) = 5*n - 5. Let d(f) = -4*h(f) - x(f). Determine d(p).
13
Suppose -9*t = 9*t - 6*t. Let f(s) be the third derivative of 1/12*s**4 + 1/30*s**5 + 4*s**2 + t*s + 0*s**3 + 0. What is f(2)?
12
Suppose -28 = -14*o + 56. Let n(z) = z**3 - 7*z**2 + 5*z + 12. Give n(o).
6
Let v(s) = -s**3 + 6*s**2 + 19*s - 1. Let p(q) = q**3 - 4*q**2 - 19*q + 1. Let d(z) = -6*p(z) - 7*v(z). What is d(19)?
1
Let m(o) = o**3 + 5*o**2 - 4. Let s(d) = d**3 - 8*d**2 + 9*d + 4. Let p be s(2). Determine m(p).
8
Suppose 0 = t, -u = -6*u - 2*t + 5. Suppose 12 = 16*v - 12*v. Let q(c) = 4*c**3 - 2*c**v - 21*c**2 + 19*c**2 + 1. Determine q(u).
1
Suppose -4*l - 10 = x - 6*l, -3*l + 20 = -4*x. Let j(b) = -5*b - 3. What is j(x)?
7
Let q be ((-2)/1)/(4/6). Let l(x) be the first derivative of x**3/3 + x**2 - 2*x - 107. What is l(q)?
1
Let s(q) = -9*q + 1. Let p(t) = t**3 - 18*t**2 + t - 13. Let j be p(18). Let y(v) = -13*v + 2. Let x(m) = j*y(m) - 7*s(m). Give x(-3).
9
Let n(l) = -4*l - 18. Let i(g) = -g - 8. Let d(s) = 5*i(s) - 2*n(s). Calculate d(-4).
-16
Let z(w) be the second derivative of -w**4/12 - w**3/2 + 2*w**2 + 16*w. Suppose 0 = -2*a + 1 + 7. Suppose 5*l + 21 + a = 0. Calculate z(l).
-6
Suppose -13*f + 1 = 14. Let g(v) be the second derivative of -v**5/2 - v**4/12 + v**3/6 + v**2/2 - 2*v. Calculate g(f).
9
Let s(p) be the third derivative of -p**6/120 - p**5/12 + 5*p**4/24 + 5*p**3/6 + 72*p**2. Give s(-6).
11
Let y(v) = -5 - 916*v + 1 + 452*v + 462*v - v**2. What is y(-3)?
-7
Suppose -3*x - 4 = -5*s - 17, 4*s + 12 = 4*x. Let d(v) = -11*v - 2. Give d(s).
20
Let h(m) = 57*m - 10. Let k(s) = -38*s + 7. Let n(b) = 5*h(b) + 7*k(b). Let y = -62 - -66. Suppose -y*j + 7*j - 3 = 0. What is n(j)?
18
Let r(g) = -24*g - 13. Let b(j) = 20*j + 12. Let d(v) = 4*b(v) + 3*r(v). Calculate d(-6).
-39
Let c(b) = 11*b**3 + b + 1. Let m be (3 - 28/(-21))*(-36)/2. Let q = -79 - m. Calculate c(q).
-11
Let q be (0/(-12))/((-1)/(3/(-6))). Let o(h) = h**3 + h**2 - h + 2. What is o(q)?
2
Let n(i) be the third derivative of -i**5/60 - i**4/4 - i**3/2 + 13*i**2. Suppose 0 = w - 16 + 19. Determine n(w).
6
Let j(o) = -6*o. Let z(f) = -f**2 + 0*f**2 - 19 + f + 17. Let v be z(0). Give j(v).
12
Suppose 0 = 31*z - 30*z + 4. Let l be (-5)/(z - -14)*4. Let d(p) = -14*p - 3. Calculate d(l).
25
Suppose -13 = 5*i + 2, -i - 18 = -5*p. Suppose 2*c - 4 + 6 = 2*q, -3*c - p*q + 15 = 0. Let d(a) = -a + c*a + 0 + 3. Determine d(3).
6
Let t(a) = -12*a. Suppose 3*b + 26 = 3*h - 10, 3*b + 5*h + 36 = 0. Suppose 3*k - d + 5*d - 25 = 0, 35 = 3*k - d. Let z = b + k. Calculate t(z).
12
Let t be (1 + -4 + 3)/(-2 + 1). Let l(n) = -n**3 + n + 6. What is l(t)?
6
Let h(k) = -5*k + 3. Suppose 3*p = -1 + 10. Suppose -4*q = 3*w + 31, 11*q - 7*q + 36 = -4*w. Let t be p + q + 0 + 3. What is h(t)?
-7
Let f(l) be the third derivative of 0*l - 1/4*l**4 + 9*l**2 + 1/60*l**5 + 1/3*l**3 + 0. Determine f(6).
2
Let j = 483 - 488. Let x(h) = h**3 + 4*h**2 - 2*h. Give x(j).
-15
Suppose -4*o + 109 = -c, -2*o + 37 = 3*c - 0*c. Let d(b) = o - 4*b + 3*b - b**2 - 21. Let x(k) = k - 3. Let w be x(3). Determine d(w).
5
Let c(o) be the third derivative of -o**4/6 + 35*o**3/6 + 20*o**2. Let z be c(6). Let u(l) = l - 9. Give u(z).
2
Let a(m) = m - 5*m - 3 + 7. Let n be ((-8)/(-6))/(15/180). Suppose -7*p + 3*p + n = 0. Give a(p).
-12
Let h(c) = -3*c + 50. Suppose -4*v + 2*d = -50, -v + 71 = -5*d + 72. Give h(v).
8
Let u(l) = 6*l**2 + 27*l - 7. Let d be u(-5). Let j(q) = -q**3 + 8*q**2 + 5. Determine j(d).
5
Let k(j) be the second derivative of j**5/5 + j**2/2 + 5*j. Suppose -2*n + 1 = -n.